 What is the tens digit of v?
4
Let t be ((-116)/(-20) - 2) + 4/(-5). What is the units digit of (-2)/(-6) - ((-56)/t - -4)?
5
Suppose -5*h - 93 + 278 = 0. Suppose 0 = -h*u + 36*u + 96. What is the tens digit of u?
9
Let m(j) = 3*j**3 + 4*j**2 + 2*j - 8. Let g(x) = x**2 - 1. Let t(y) = -6*g(y) + m(y). Let i be 6*(-9)/(-24) + (-14)/56. What is the tens digit of t(i)?
1
Let d = 107 + -107. Suppose 7*c - 8*c + 123 = d. What is the units digit of c?
3
Let a be -4 + (4/(-6))/(3/9). Let r = 136 + a. What is the hundreds digit of r?
1
Let s(c) = -c - 1. Let i be s(-4). Let h be i + (-5 - -2)/(-3). Suppose -2*u + h*p - 11 = -3*u, -5*p = -u + 20. What is the tens digit of u?
1
Let m be ((-6)/(-9))/(6/(-9)). Let v(j) = -4*j - 6. Let x(p) = -p + 1. Let b(l) = m*v(l) - 5*x(l). What is the tens digit of b(3)?
2
Let u(x) = 2*x**3 - 17*x**2 + 29*x - 102. What is the tens digit of u(12)?
5
Suppose 2*j - 62 = -4*y, -y + 23 = 4*j - j. Let d = -17 + y. What is the tens digit of (-6)/(-9) + (-46)/d?
1
Let t be ((-9)/(-6))/((-3)/(-10)). Suppose -4*w = -0*l + t*l - 966, 586 = 3*l - 4*w. What is the hundreds digit of l?
1
Let a be -1*(0 + 0 - -1)*0. Suppose -55 = -a*n - 5*n. What is the units digit of n?
1
Let n(p) = -2*p - 10. Let s be n(-3). Let k = 35 - s. What is the units digit of k?
9
Let b(s) = -s + 12. Let v be (-2)/(-7) + 270/35. Let n be b(v). Suppose -2*d - n*a = -8, 0*a + 3*a + 59 = 5*d. What is the tens digit of d?
1
Let v be (0 - 0)/(-5 - -8). Suppose v = -3*q + 7*q - 8. Suppose t + 0 = q. What is the units digit of t?
2
Let s(y) = 22*y**2 - 6*y + 4. What is the hundreds digit of s(-3)?
2
Let b = 37 + -89. Let o = b + 124. What is the tens digit of o?
7
Suppose -3*y = 12, -2*k + 2*y + 36 = 6*y. Let n = k - 20. What is the tens digit of (-63)/(-6)*16/n?
2
Let c be 2/(-6) + 130/30. Suppose -d - 13 = c*z, -4*z = -d - d - 2. Let p(b) = -b + 12. What is the tens digit of p(d)?
1
Suppose -4*m + 0*m - 2*y = -138, 5*m - 2*y - 186 = 0. Suppose 0*x + 5*x = 0. Suppose x = 4*v - m - 16. What is the tens digit of v?
1
Suppose 0 + 9 = -3*p, -j - 5*p = -445. What is the units digit of j?
0
Suppose -9 = -3*z - 3. Suppose 0 = 4*p + 4*i - 468, 0 = -5*p + z*i + i + 569. What is the tens digit of p?
1
Suppose -o + 14 = o. Suppose o*l - 4*l = 78. Suppose 2*k = 4*k - l. What is the units digit of k?
3
Suppose 0 = -23*h + 20*h - 69. What is the units digit of 28*5 + (-115)/h?
5
Let t(s) = s**2 - 6*s + 38. Let z(a) = 10*a - 4. Let o be z(2). What is the hundreds digit of t(o)?
1
Let h be 637/(-35) + 2/10. Let r = h - -27. What is the tens digit of ((-1)/4)/(r/(-1692))?
4
Let x = 1321 + -866. What is the units digit of x?
5
Let j = 88 - 96. Let a(t) be the third derivative of -t**5/60 - 13*t**4/24 - 4*t**3/3 - t**2. What is the tens digit of a(j)?
3
Suppose -75 = -4*s + 125. Suppose -7*n + 13 = -3*n - d, -5 = -n + 2*d. Suppose n*f - f = s. What is the units digit of f?
5
Let y(s) = 7*s**3 + s**2. Let g be y(-1). Let p = 8 + g. What is the units digit of 5 - (p - -1)/(-3)?
6
Let c be -32*5/(-2) + 0. Let g be 2*(45/(-2) - -4). Let d = g + c. What is the tens digit of d?
4
Suppose 38*i - 1440 = 33*i. What is the tens digit of i?
8
Let h be (-52)/(-5) + (-2)/5. Suppose -h*k = -6*k - 196. What is the tens digit of k?
4
Suppose -2 - 2 = -k. Suppose 0 = -3*w - k*s + 1462, -w - 147 = -2*s - 651. What is the tens digit of w/8 + 3/12?
6
Let k(j) = -j**2 - 13*j - 19. Let y be k(-11). Suppose 3*v - 77 = -2*c, -v + c = y*c - 23. What is the tens digit of v?
2
Let o = 461 + -198. What is the units digit of o?
3
Let s = 239 + -182. What is the units digit of s?
7
Suppose -i - 4*w = -5, 0 = 2*i - 3*w + 1. Let b be (-3 + i + 6)*2. Suppose -u + 10 = -2*r + 4*r, 0 = -2*r + b. What is the units digit of u?
2
Suppose -42 = -3*w + 5*o + 28, w + 5*o - 30 = 0. Suppose -5*k = 3*z + 35, -3*k - z - w = 2*k. What is the tens digit of 78 + 1/(k/16)?
7
Suppose -3*k - 3*d + 8*d = 3, 0 = -5*d + 15. What is the units digit of k?
4
Suppose 19 - 4 = 3*o. Suppose 5*m - o*s - 25 = 0, -2*m - 19 = -5*m + 2*s. What is the units digit of 93/m - (-2)/(-6)?
0
Let s = 78 + -38. Suppose z - s = -16. What is the units digit of z?
4
Suppose -11 = -3*l + 6*k - k, -4*k = 4. Suppose -l*u + 29 = 5*v, -3*u - 1 + 2 = -v. Suppose 6*f - f + 10 = 5*c, v*c - 22 = f. What is the units digit of c?
5
Let x = -949 - -1023. What is the tens digit of x?
7
Suppose -x - 2971 = -5*n - 1140, 5*n + 5*x = 1855. Let v = n + -242. What is the units digit of v?
5
Let m(w) = -2*w**3 + 7*w**2 - 7*w + 16. Let k be m(3). What is the tens digit of ((-24)/k)/2 - -49?
4
Suppose -4*o + 4*z - 117 = -489, -3*o = -z - 283. Suppose -5*x + 62 + o = 4*y, 0 = 3*x - y - 101. Suppose -15*s + 14*s = -x. What is the tens digit of s?
3
Let a = 548 + 417. What is the hundreds digit of a?
9
Let k(h) = h**2 - 6*h + 8. Let l be k(3). What is the hundreds digit of -1 - ((3 + -2)*-173 + l)?
1
Let m = 10 - 7. Suppose 4*c + 7*j - 4*j - 103 = 0, 5*j + 41 = m*c. What is the tens digit of c?
2
Let d be (-7)/(-2)*(-12)/(-21). Suppose 0 = q - 11 - d. Suppose 0 = 3*l + 1 - q. What is the units digit of l?
4
Suppose -463 = 3*i - 7*i - g, 2*g + 2 = 0. Suppose 4*u - i = 4*w, 0 = 8*w - 5*w + 6. What is the units digit of u?
7
Let x(y) be the first derivative of -13*y**2/2 + y + 4. What is the tens digit of x(-5)?
6
Let r = 259 + -167. Let l(u) = -u**3 + 4*u**2 - 5*u + 4. Let k be l(5). Let p = k + r. What is the units digit of p?
6
Suppose 0 = 6*k - 0*k. Suppose -v - 17 = -5*f, 0*v + 4*v + 2*f - 42 = k. What is the units digit of v?
8
What is the units digit of 3/(9/823) + (-4)/3?
3
Suppose v - 1 + 11 = 0. Let c be -3*(-3)/(-6) + 15/(-6). What is the units digit of (v/3)/(c/6)?
5
Let g be (9/(-3))/((-6)/46). Suppose -g*k + 10*k + 1430 = 0. What is the tens digit of k?
1
Suppose 4456 = 6*c + 2*c. What is the tens digit of c?
5
Suppose 3*d = -12 + 435. Suppose -4*p - 27 + 39 = 0. Suppose -d = -5*o + a, o - 2*a = p*o - 54. What is the tens digit of o?
2
Suppose -10*s + 26975 - 4905 = 0. What is the hundreds digit of s?
2
Let x(f) = -2*f**2 + f + 4. Let q be x(6). Let n = 43 + q. Let k = -14 - n. What is the units digit of k?
5
Suppose -3*a + 9 = -0*a, -9 = 3*w - 5*a. Suppose 96 = -w*n - 74. Let j = 119 + n. What is the units digit of j?
4
Suppose 5*r + 2 = -8. Let x(d) = 14*d**2 + 11*d**2 - 2 - 33*d**2 + 9*d**2. What is the units digit of x(r)?
2
What is the units digit of (-483633)/(-111) + 142/(-2627)?
7
Suppose -2*u + 5*u = 4*x + 248, 5*u = x + 385. Let f = -42 + u. What is the tens digit of f?
3
Let r = -34 + 36. What is the units digit of (-11)/((-33)/150) - r?
8
Let m be 6*((-6)/4 - 3/(-6)). Let f = 31 - m. What is the units digit of f?
7
Let z(a) = -a - 132. Let i = 24 + -24. Let b be z(i). Let v = -77 - b. What is the units digit of v?
5
Suppose -4*m + 7*m - 24 = 0. Suppose 5*o - 12 = m, -5*o = r - 29. What is the units digit of ((-6)/(-2))/(r/39)?
3
Let v(n) = 6*n**2 + 34*n + 31. Let a(d) = -5*d**2 - 34*d - 32. Let s(p) = 5*a(p) + 4*v(p). What is the tens digit of s(-18)?
5
Let v(s) = -s**2 + 4*s + 8. Let d be v(6). What is the units digit of d/18 - (-8136)/162?
0
Let z(k) = k**3 + 5*k**2 - 8*k - 6. Let c(a) = a**2 + 7*a + 6. Let f be c(-4). Let m be z(f). Let l(d) = 7*d - 9. What is the tens digit of l(m)?
3
Let h(x) = -x**2 + 2*x. Let n be h(1). Let c be n/(-3) - (-24)/(-9). What is the units digit of 40*(-6)/45*c?
6
Suppose 4*z = -q + 18997, -43 = -2*z - 2*q + 9457. What is the hundreds digit of z?
7
What is the tens digit of ((-7422)/(-16))/(17/136)?
1
Suppose 2*z = 5*c - 3*z - 15, -5*z = 5*c - 35. Suppose n = -5*y + 14 + 14, 5*n + c = 4*y. Suppose x + 48 = n*x. What is the tens digit of x?
2
Let z = 565 - 393. Suppose -r + q = -49, -4*r - 5*q - 3 = -z. What is the units digit of r?
6
Let v be 11/(-1)*(12 + -13). Let g = v - 18. Let m = g - -9. What is the units digit of m?
2
What is the tens digit of (3 - (-4 - -3)) + (-105)/(-3)?
3
Let i be 5/(-15)*(-81 + 0). Let v = -23 + i. What is the tens digit of 37 + -2*(v - 3)?
3
Suppose 932 + 3268 = 75*i. What is the units digit of i?
6
Let s be ((-3)/(-2))/((-2)/(-4)). Suppose -o = 5 - 7. Suppose -o*l + 3*p = -17, -l + 6 = -s*p + p. What is the tens digit of l?
1
Let d(o) = -177*o + 15. Let l be d(-4). Suppose -17*m = -l - 29